{"id":62,"date":"2013-02-09T19:45:59","date_gmt":"2013-02-09T19:45:59","guid":{"rendered":"http:\/\/astro.oz6bl.dk\/?page_id=62"},"modified":"2020-01-29T19:52:40","modified_gmt":"2020-01-29T18:52:40","slug":"hvem-er-jeg","status":"publish","type":"page","link":"https:\/\/www.baggerastro.dk\/?page_id=62","title":{"rendered":"Hvem er jeg ?"},"content":{"rendered":"<p align=\"left\"><span style=\"color: #000000; font-size: medium; font-family: verdana, geneva;\">ngg_shortcode_0_placeholderJeg bor i Birker\u00f8d, en by med over 20.000 indbyggere, ca. 2 km nord for centrum. Jeg har interesseret mig for astronomi siden 1976, hvor jeg var 15 \u00e5r gammel. I perioden 1985 til 2000, hvor jeg studerede til ingeni\u00f8r og etablerede familie og hus, fik jeg ikke aktivt dyrket denne vidunderlige hobby. Interessen vendte dog tilbage i 2000, hvor min yngste syn fyldte 6 \u00e5r og jeg fik mere tid til mig selv. Jeg gik s\u00e5 i gang med at observere med en 13&#8243; Dobsonian, som jeg havde k\u00f8bt mange \u00e5r f\u00f8r. <\/span><\/p>\n<p align=\"left\">I dag har jeg en dr\u00f8mmekikkert af en 20&#8243; Obsession, men jeg bruger undertiden stadig sm\u00e5 kikkerter, som sagtens kan vise selv meget smukke billeder og som tilstadighed giver mig nye, gode oplevelser.<\/p>\n<p align=\"left\">Jeg har altid favoriseret visuelle observationer frem for astrofoto. Det er en vidunderlig og \u00e6stetisk smuk fornemmelse at kunne se en t\u00e5ge, stjernehob eller galakse med sine egne \u00f8jne og m\u00e6rke f\u00f8lelsen af uendelighed og rumlig dybde ved selv at glane ud igennem et okular. Visuelle observationer er nemme at forholde sig til, og det kr\u00e6ver ikke n\u00f8dvendigvis dyrt og avanceret udstyr for at lykkes. Ja, selv en prismekikkert kan give en gode oplevelser.<\/p>\n","protected":false},"excerpt":{"rendered":"<p>Jeg bor i Birker\u00f8d, en by med over 20.000 indbyggere, ca. 2 km nord for centrum. Jeg har interesseret mig for astronomi siden 1976, hvor jeg var 15 \u00e5r gammel. I perioden 1985 til 2000, hvor jeg studerede til ingeni\u00f8r og etablerede familie og hus, fik jeg ikke aktivt dyrket \u2026 <a class=\"continue-reading-link\" href=\"https:\/\/www.baggerastro.dk\/?page_id=62\"> Continue reading <span class=\"meta-nav\">&rarr; <\/span><\/a><\/p>\n","protected":false},"author":1,"featured_media":0,"parent":10,"menu_order":1,"comment_status":"closed","ping_status":"open","template":"","meta":{"ngg_post_thumbnail":0,"footnotes":""},"class_list":["post-62","page","type-page","status-publish","hentry"],"_links":{"self":[{"href":"https:\/\/www.baggerastro.dk\/index.php?rest_route=\/wp\/v2\/pages\/62","targetHints":{"allow":["GET"]}}],"collection":[{"href":"https:\/\/www.baggerastro.dk\/index.php?rest_route=\/wp\/v2\/pages"}],"about":[{"href":"https:\/\/www.baggerastro.dk\/index.php?rest_route=\/wp\/v2\/types\/page"}],"author":[{"embeddable":true,"href":"https:\/\/www.baggerastro.dk\/index.php?rest_route=\/wp\/v2\/users\/1"}],"replies":[{"embeddable":true,"href":"https:\/\/www.baggerastro.dk\/index.php?rest_route=%2Fwp%2Fv2%2Fcomments&post=62"}],"version-history":[{"count":15,"href":"https:\/\/www.baggerastro.dk\/index.php?rest_route=\/wp\/v2\/pages\/62\/revisions"}],"predecessor-version":[{"id":2407,"href":"https:\/\/www.baggerastro.dk\/index.php?rest_route=\/wp\/v2\/pages\/62\/revisions\/2407"}],"up":[{"embeddable":true,"href":"https:\/\/www.baggerastro.dk\/index.php?rest_route=\/wp\/v2\/pages\/10"}],"wp:attachment":[{"href":"https:\/\/www.baggerastro.dk\/index.php?rest_route=%2Fwp%2Fv2%2Fmedia&parent=62"}],"curies":[{"name":"wp","href":"https:\/\/api.w.org\/{rel}","templated":true}]}}